{"id":24,"date":"2021-12-05T13:47:26","date_gmt":"2021-12-05T13:47:26","guid":{"rendered":"https:\/\/petra-kost-malerei.local\/?page_id=24"},"modified":"2025-07-07T12:46:44","modified_gmt":"2025-07-07T10:46:44","slug":"vita","status":"publish","type":"page","link":"https:\/\/petra-kost.com\/en\/vita\/","title":{"rendered":"CV"},"content":{"rendered":"<p>[et_pb_section fb_built=&#8220;1&#8243; theme_builder_area=&#8220;post_content&#8220; _builder_version=&#8220;4.27.4&#8243; _module_preset=&#8220;default&#8220;][et_pb_row _builder_version=&#8220;4.27.4&#8243; _module_preset=&#8220;default&#8220; theme_builder_area=&#8220;post_content&#8220;][et_pb_column _builder_version=&#8220;4.27.4&#8243; _module_preset=&#8220;default&#8220; type=&#8220;4_4&#8243; theme_builder_area=&#8220;post_content&#8220;][et_pb_post_title _builder_version=&#8220;4.27.4&#8243; _module_preset=&#8220;default&#8220; theme_builder_area=&#8220;post_content&#8220; meta=&#8220;off&#8220; featured_image=&#8220;off&#8220; hover_enabled=&#8220;0&#8243; sticky_enabled=&#8220;0&#8243;][\/et_pb_post_title][et_pb_image _builder_version=&#8220;4.27.4&#8243; _module_preset=&#8220;default&#8220; theme_builder_area=&#8220;post_content&#8220; alt=&#8220;Patra Kost im Atelier&#8220; src=&#8220;http:\/\/petra-kost.com\/wp-content\/uploads\/2021\/12\/GS8_8842k-bearb-2.jpg&#8220; hover_enabled=&#8220;0&#8243; sticky_enabled=&#8220;0&#8243;][\/et_pb_image][et_pb_text _builder_version=&#8220;4.27.4&#8243; _module_preset=&#8220;default&#8220; theme_builder_area=&#8220;post_content&#8220; hover_enabled=&#8220;0&#8243; sticky_enabled=&#8220;0&#8243;]<\/p>\n<p><strong>1959<\/strong><br \/>geboren in Hamburg, Deutschland <br \/>lebt und arbeitet als K\u00fcnstlerin in Hamburg und Urbino, Italien<\/p>\n<p><strong>seit 2024 <br \/><\/strong>Mitglied der K\u00fcnstler:innengruppe MORKK<\/p>\n<p><strong>seit 2023 <br \/><\/strong>Mitglied der K\u00fcnstler:innengruppe Transfourmation<\/p>\n<p><strong>seit 2007<\/strong><br \/>Mitglied im Galerie-Atelier Kunstwerk am Fischmarkt, Hamburg<\/p>\n<p><strong>seit 2000<\/strong><br \/>Malerei an der privaten Kunstschule Blankenese, Hamburg<br \/>Teilnahme an Sommerakademien der Kunsthochschule HAW Hamburg und Seminaren der Kunstakademie Bad Reichenhall <br \/>Studium u.a. bei Peter Paulwitz-Matth\u00e4i, Luke Gray, Till Gerhard, Ines Hildur und Jens Hasenberg<\/p>\n<p><strong>2004 \u2013 10<\/strong><br \/>k\u00fcnstlerische T\u00e4tigkeit in Den Haag, Niederlande<\/p>\n<p><strong>1982 &#8211; 83<\/strong><br \/>Studium der Kunstgeschichte an der Universit\u00e4t Hamburg<\/p>\n<p><strong>1980 &#8211; 81<\/strong><br \/>Studium der Malerei an der Hochschule f\u00fcr bildende K\u00fcnste, Hamburg<\/p>\n<p>[\/et_pb_text][\/et_pb_column][\/et_pb_row][\/et_pb_section]<\/p>\n","protected":false},"excerpt":{"rendered":"<p>1959geboren in Hamburg, Deutschland lebt und arbeitet als K\u00fcnstlerin in Hamburg und Urbino, Italien seit 2024 Mitglied der K\u00fcnstler:innengruppe MORKK seit 2023 Mitglied der K\u00fcnstler:innengruppe Transfourmation seit 2007Mitglied im Galerie-Atelier Kunstwerk am Fischmarkt, Hamburg seit 2000Malerei an der privaten Kunstschule Blankenese, HamburgTeilnahme an Sommerakademien der Kunsthochschule HAW Hamburg und Seminaren der Kunstakademie Bad Reichenhall Studium [&hellip;]<\/p>\n","protected":false},"author":1,"featured_media":0,"parent":0,"menu_order":0,"comment_status":"closed","ping_status":"closed","template":"","meta":{"_et_pb_use_builder":"on","_et_pb_old_content":"","_et_gb_content_width":"","footnotes":""},"class_list":["post-24","page","type-page","status-publish","hentry"],"yoast_head":"<!-- This site is optimized with the Yoast SEO plugin v27.4 - https:\/\/yoast.com\/product\/yoast-seo-wordpress\/ -->\n<title>Vita - Petra Kost<\/title>\n<meta name=\"description\" content=\"geboren in Hamburg lebt und arbeitet als K\u00fcnstlerin in Hamburg und Urbino, Italien. Mitglied im Galerie-Atelier Kunstwerk am Fischmarkt\" \/>\n<meta name=\"robots\" content=\"index, follow, max-snippet:-1, max-image-preview:large, max-video-preview:-1\" \/>\n<link rel=\"canonical\" href=\"https:\/\/petra-kost.com\/en\/vita\/\" \/>\n<meta property=\"og:locale\" content=\"en_GB\" \/>\n<meta property=\"og:type\" content=\"article\" \/>\n<meta property=\"og:title\" content=\"Vita - Petra Kost\" \/>\n<meta property=\"og:description\" content=\"geboren in Hamburg lebt und arbeitet als K\u00fcnstlerin in Hamburg und Urbino, Italien. Mitglied im Galerie-Atelier Kunstwerk am Fischmarkt\" \/>\n<meta property=\"og:url\" content=\"https:\/\/petra-kost.com\/en\/vita\/\" \/>\n<meta property=\"og:site_name\" content=\"Petra Kost\" \/>\n<meta property=\"article:modified_time\" content=\"2025-07-07T10:46:44+00:00\" \/>\n<meta name=\"twitter:card\" content=\"summary_large_image\" \/>\n<meta name=\"twitter:label1\" content=\"Est. reading time\" \/>\n\t<meta name=\"twitter:data1\" content=\"1 minute\" \/>\n<script type=\"application\/ld+json\" class=\"yoast-schema-graph\">{\"@context\":\"https:\\\/\\\/schema.org\",\"@graph\":[{\"@type\":\"WebPage\",\"@id\":\"https:\\\/\\\/petra-kost.com\\\/vita\\\/\",\"url\":\"https:\\\/\\\/petra-kost.com\\\/vita\\\/\",\"name\":\"Vita - Petra Kost\",\"isPartOf\":{\"@id\":\"https:\\\/\\\/petra-kost.com\\\/#website\"},\"datePublished\":\"2021-12-05T13:47:26+00:00\",\"dateModified\":\"2025-07-07T10:46:44+00:00\",\"description\":\"geboren in Hamburg lebt und arbeitet als K\u00fcnstlerin in Hamburg und Urbino, Italien. Mitglied im Galerie-Atelier Kunstwerk am Fischmarkt\",\"breadcrumb\":{\"@id\":\"https:\\\/\\\/petra-kost.com\\\/vita\\\/#breadcrumb\"},\"inLanguage\":\"en-GB\",\"potentialAction\":[{\"@type\":\"ReadAction\",\"target\":[\"https:\\\/\\\/petra-kost.com\\\/vita\\\/\"]}]},{\"@type\":\"BreadcrumbList\",\"@id\":\"https:\\\/\\\/petra-kost.com\\\/vita\\\/#breadcrumb\",\"itemListElement\":[{\"@type\":\"ListItem\",\"position\":1,\"name\":\"Startseite\",\"item\":\"https:\\\/\\\/petra-kost.com\\\/\"},{\"@type\":\"ListItem\",\"position\":2,\"name\":\"Vita\"}]},{\"@type\":\"WebSite\",\"@id\":\"https:\\\/\\\/petra-kost.com\\\/#website\",\"url\":\"https:\\\/\\\/petra-kost.com\\\/\",\"name\":\"Petra Kost\",\"description\":\"Kunstwerk am Fischmarkt, Hamburg\",\"potentialAction\":[{\"@type\":\"SearchAction\",\"target\":{\"@type\":\"EntryPoint\",\"urlTemplate\":\"https:\\\/\\\/petra-kost.com\\\/?s={search_term_string}\"},\"query-input\":{\"@type\":\"PropertyValueSpecification\",\"valueRequired\":true,\"valueName\":\"search_term_string\"}}],\"inLanguage\":\"en-GB\"}]}<\/script>\n<!-- \/ Yoast SEO plugin. -->","yoast_head_json":{"title":"Vita - Petra Kost","description":"geboren in Hamburg lebt und arbeitet als K\u00fcnstlerin in Hamburg und Urbino, Italien. Mitglied im Galerie-Atelier Kunstwerk am Fischmarkt","robots":{"index":"index","follow":"follow","max-snippet":"max-snippet:-1","max-image-preview":"max-image-preview:large","max-video-preview":"max-video-preview:-1"},"canonical":"https:\/\/petra-kost.com\/en\/vita\/","og_locale":"en_GB","og_type":"article","og_title":"Vita - Petra Kost","og_description":"geboren in Hamburg lebt und arbeitet als K\u00fcnstlerin in Hamburg und Urbino, Italien. Mitglied im Galerie-Atelier Kunstwerk am Fischmarkt","og_url":"https:\/\/petra-kost.com\/en\/vita\/","og_site_name":"Petra Kost","article_modified_time":"2025-07-07T10:46:44+00:00","twitter_card":"summary_large_image","twitter_misc":{"Est. reading time":"1 minute"},"schema":{"@context":"https:\/\/schema.org","@graph":[{"@type":"WebPage","@id":"https:\/\/petra-kost.com\/vita\/","url":"https:\/\/petra-kost.com\/vita\/","name":"Vita - Petra Kost","isPartOf":{"@id":"https:\/\/petra-kost.com\/#website"},"datePublished":"2021-12-05T13:47:26+00:00","dateModified":"2025-07-07T10:46:44+00:00","description":"geboren in Hamburg lebt und arbeitet als K\u00fcnstlerin in Hamburg und Urbino, Italien. Mitglied im Galerie-Atelier Kunstwerk am Fischmarkt","breadcrumb":{"@id":"https:\/\/petra-kost.com\/vita\/#breadcrumb"},"inLanguage":"en-GB","potentialAction":[{"@type":"ReadAction","target":["https:\/\/petra-kost.com\/vita\/"]}]},{"@type":"BreadcrumbList","@id":"https:\/\/petra-kost.com\/vita\/#breadcrumb","itemListElement":[{"@type":"ListItem","position":1,"name":"Startseite","item":"https:\/\/petra-kost.com\/"},{"@type":"ListItem","position":2,"name":"Vita"}]},{"@type":"WebSite","@id":"https:\/\/petra-kost.com\/#website","url":"https:\/\/petra-kost.com\/","name":"Petra Kost","description":"Kunstwerk am Fischmarkt, Hamburg","potentialAction":[{"@type":"SearchAction","target":{"@type":"EntryPoint","urlTemplate":"https:\/\/petra-kost.com\/?s={search_term_string}"},"query-input":{"@type":"PropertyValueSpecification","valueRequired":true,"valueName":"search_term_string"}}],"inLanguage":"en-GB"}]}},"_links":{"self":[{"href":"https:\/\/petra-kost.com\/en\/wp-json\/wp\/v2\/pages\/24","targetHints":{"allow":["GET"]}}],"collection":[{"href":"https:\/\/petra-kost.com\/en\/wp-json\/wp\/v2\/pages"}],"about":[{"href":"https:\/\/petra-kost.com\/en\/wp-json\/wp\/v2\/types\/page"}],"author":[{"embeddable":true,"href":"https:\/\/petra-kost.com\/en\/wp-json\/wp\/v2\/users\/1"}],"replies":[{"embeddable":true,"href":"https:\/\/petra-kost.com\/en\/wp-json\/wp\/v2\/comments?post=24"}],"version-history":[{"count":10,"href":"https:\/\/petra-kost.com\/en\/wp-json\/wp\/v2\/pages\/24\/revisions"}],"predecessor-version":[{"id":1401,"href":"https:\/\/petra-kost.com\/en\/wp-json\/wp\/v2\/pages\/24\/revisions\/1401"}],"wp:attachment":[{"href":"https:\/\/petra-kost.com\/en\/wp-json\/wp\/v2\/media?parent=24"}],"curies":[{"name":"wp","href":"https:\/\/api.w.org\/{rel}","templated":true}]}}

<p>[et_pb_section fb_built=&#8220;1&#8243; theme_builder_area=&#8220;post_content&#8220; _builder_version=&#8220;4.27.4&#8243; _module_preset=&#8220;default&#8220;][et_pb_row _builder_version=&#8220;4.27.4&#8243; _module_preset=&#8220;default&#8220; theme_builder_area=&#8220;post_content&#8220;][et_pb_column _builder_version=&#8220;4.27.4&#8243; _module_preset=&#8220;default&#8220; type=&#8220;4_4&#8243; theme_builder_area=&#8220;post_content&#8220;][et_pb_post_title _builder_version=&#8220;4.27.4&#8243; _module_preset=&#8220;default&#8220; theme_builder_area=&#8220;post_content&#8220; meta=&#8220;off&#8220; featured_image=&#8220;off&#8220; hover_enabled=&#8220;0&#8243; sticky_enabled=&#8220;0&#8243;][/et_pb_post_title][et_pb_image _builder_version=&#8220;4.27.4&#8243; _module_preset=&#8220;default&#8220; theme_builder_area=&#8220;post_content&#8220; alt=&#8220;Patra Kost im Atelier&#8220; src=&#8220;http://petra-kost.com/wp-content/uploads/2021/12/GS8_8842k-bearb-2.jpg&#8220; hover_enabled=&#8220;0&#8243; sticky_enabled=&#8220;0&#8243;][/et_pb_image][et_pb_text _builder_version=&#8220;4.27.4&#8243; _module_preset=&#8220;default&#8220; theme_builder_area=&#8220;post_content&#8220; hover_enabled=&#8220;0&#8243; sticky_enabled=&#8220;0&#8243;]</p>
<p><strong>1959</strong><br />geboren in Hamburg, Deutschland <br />lebt und arbeitet als Künstlerin in Hamburg und Urbino, Italien</p>
<p><strong>seit 2024 <br /></strong>Mitglied der Künstler:innengruppe MORKK</p>
<p><strong>seit 2023 <br /></strong>Mitglied der Künstler:innengruppe Transfourmation</p>
<p><strong>seit 2007</strong><br />Mitglied im Galerie-Atelier Kunstwerk am Fischmarkt, Hamburg</p>
<p><strong>seit 2000</strong><br />Malerei an der privaten Kunstschule Blankenese, Hamburg<br />Teilnahme an Sommerakademien der Kunsthochschule HAW Hamburg und Seminaren der Kunstakademie Bad Reichenhall <br />Studium u.a. bei Peter Paulwitz-Matthäi, Luke Gray, Till Gerhard, Ines Hildur und Jens Hasenberg</p>
<p><strong>2004 – 10</strong><br />künstlerische Tätigkeit in Den Haag, Niederlande</p>
<p><strong>1982 &#8211; 83</strong><br />Studium der Kunstgeschichte an der Universität Hamburg</p>
<p><strong>1980 &#8211; 81</strong><br />Studium der Malerei an der Hochschule für bildende Künste, Hamburg</p>
<p>[/et_pb_text][/et_pb_column][/et_pb_row][/et_pb_section]</p>

<p>1959geboren in Hamburg, Deutschland lebt und arbeitet als Künstlerin in Hamburg und Urbino, Italien seit 2024 Mitglied der Künstler:innengruppe MORKK seit 2023 Mitglied der Künstler:innengruppe Transfourmation seit 2007Mitglied im Galerie-Atelier Kunstwerk am Fischmarkt, Hamburg seit 2000Malerei an der privaten Kunstschule Blankenese, HamburgTeilnahme an Sommerakademien der Kunsthochschule HAW Hamburg und Seminaren der Kunstakademie Bad Reichenhall Studium [&hellip;]</p>

<!-- This site is optimized with the Yoast SEO plugin v27.4 - https://yoast.com/product/yoast-seo-wordpress/ -->
<title>Vita - Petra Kost</title>
<meta name="description" content="geboren in Hamburg lebt und arbeitet als Künstlerin in Hamburg und Urbino, Italien. Mitglied im Galerie-Atelier Kunstwerk am Fischmarkt" />
<meta name="robots" content="index, follow, max-snippet:-1, max-image-preview:large, max-video-preview:-1" />
<link rel="canonical" href="https://petra-kost.com/en/vita/" />
<meta property="og:locale" content="en_GB" />
<meta property="og:type" content="article" />
<meta property="og:title" content="Vita - Petra Kost" />
<meta property="og:description" content="geboren in Hamburg lebt und arbeitet als Künstlerin in Hamburg und Urbino, Italien. Mitglied im Galerie-Atelier Kunstwerk am Fischmarkt" />
<meta property="og:url" content="https://petra-kost.com/en/vita/" />
<meta property="og:site_name" content="Petra Kost" />
<meta property="article:modified_time" content="2025-07-07T10:46:44+00:00" />
<meta name="twitter:card" content="summary_large_image" />
<meta name="twitter:label1" content="Est. reading time" />
	<meta name="twitter:data1" content="1 minute" />
<script type="application/ld+json" class="yoast-schema-graph">{"@context":"https:\/\/schema.org","@graph":[{"@type":"WebPage","@id":"https:\/\/petra-kost.com\/vita\/","url":"https:\/\/petra-kost.com\/vita\/","name":"Vita - Petra Kost","isPartOf":{"@id":"https:\/\/petra-kost.com\/#website"},"datePublished":"2021-12-05T13:47:26+00:00","dateModified":"2025-07-07T10:46:44+00:00","description":"geboren in Hamburg lebt und arbeitet als Künstlerin in Hamburg und Urbino, Italien. Mitglied im Galerie-Atelier Kunstwerk am Fischmarkt","breadcrumb":{"@id":"https:\/\/petra-kost.com\/vita\/#breadcrumb"},"inLanguage":"en-GB","potentialAction":[{"@type":"ReadAction","target":["https:\/\/petra-kost.com\/vita\/"]}]},{"@type":"BreadcrumbList","@id":"https:\/\/petra-kost.com\/vita\/#breadcrumb","itemListElement":[{"@type":"ListItem","position":1,"name":"Startseite","item":"https:\/\/petra-kost.com\/"},{"@type":"ListItem","position":2,"name":"Vita"}]},{"@type":"WebSite","@id":"https:\/\/petra-kost.com\/#website","url":"https:\/\/petra-kost.com\/","name":"Petra Kost","description":"Kunstwerk am Fischmarkt, Hamburg","potentialAction":[{"@type":"SearchAction","target":{"@type":"EntryPoint","urlTemplate":"https:\/\/petra-kost.com\/?s={search_term_string}"},"query-input":{"@type":"PropertyValueSpecification","valueRequired":true,"valueName":"search_term_string"}}],"inLanguage":"en-GB"}]}</script>
<!-- / Yoast SEO plugin. -->

geboren in Hamburg lebt und arbeitet als Künstlerin in Hamburg und Urbino, Italien. Mitglied im Galerie-Atelier Kunstwerk am Fischmarkt
